
Let m(w) = 8*w + w + 131 - 73. What are the prime factors of m(14)?
2, 23
List the prime factors of (-4)/16 + (-1)/(4/(-873)).
2, 109
Let l(j) = 22*j**2 + 14*j + 7. What are the prime factors of l(-5)?
487
Let d(l) = 8*l + 1. Let j be d(3). Suppose 0 = b + 3*y - 5, 0 = 5*b - 5*y - j. Suppose 228 = o + b*o. List the prime factors of o.
2, 19
Let m = 128 - 185. Let s = m - -82. List the prime factors of s.
5
Let d be (0 - 1)*(-150)/(-10). Let s = d - -16. What are the prime factors of (s + 1)*45/10?
3
Suppose 6*d - 7 = 17. Suppose 0*w = -3*w - 6, -f = -d*w - 311. List the prime factors of f.
3, 101
Let z(h) = -8*h**3 + 19*h + 14. What are the prime factors of z(-8)?
2, 1979
Let g = -32 + 36. Suppose -g = 4*o - 204. List the prime factors of o.
2, 5
Suppose 2*h - 534 = 4*r, r - 2 = 2*r. What are the prime factors of h?
263
What are the prime factors of ((-156)/(-15))/(10/5900)?
2, 13, 59
Let q(s) = -2*s**3 - 14*s**2 + 9*s - 47. What are the prime factors of q(-15)?
2, 1709
Suppose -6*t + 892 = 52. What are the prime factors of t?
2, 5, 7
Suppose -l + 7 - 2 = 0. Suppose 0 = -5*o - l*t + 150, 4*o = -o + 2*t + 129. List the prime factors of o.
3
Let q(k) = k**3 - 13*k**2 + k - 4. Let l be q(13). Let j = l + -4. List the prime factors of j.
5
What are the prime factors of (10 + -11)/(2/(-694))?
347
Suppose -20*y = -24*y + 548. Suppose -q = -0*q - y. What are the prime factors of q?
137
Let r(j) = -12*j - 1. Let b be r(-1). Let c = -988 - -1012. Let y = b + c. List the prime factors of y.
5, 7
Let x(r) = 753*r**3 + r**2 - 7*r + 5. Let o be x(1). Suppose -5*y - s + 32 = -o, 0 = -5*y + 3*s + 768. List the prime factors of y.
2, 3, 13
Suppose -5076 = -48*u + 30*u. List the prime factors of u.
2, 3, 47
Let o = -167 + 381. List the prime factors of (o - 2)/2 + (-3)/1.
103
List the prime factors of (-9 + -2 + 3879)/1.
2, 967
Let s be 0/6 - (-1 - 1). Suppose 5 - 387 = -s*f. What are the prime factors of f?
191
Suppose -10 = x - 514. What are the prime factors of x?
2, 3, 7
Let g(y) be the first derivative of -y**4/4 + 7*y**3/3 + 2*y**2 + 7*y + 30. List the prime factors of g(7).
5, 7
Suppose -k - 3*m = -2*k + 4, 4*k - 2*m = -4. Let w be (117/(-18))/(k/(-4)). Let j = 28 + w. What are the prime factors of j?
3, 5
Let t be -27 + 2/(4/6). Let l = t + 31. List the prime factors of l.
7
Let y = -441 + 1055. List the prime factors of y.
2, 307
Let k = -110 - -110. List the prime factors of 13*10*(20/25 - k).
2, 13
Suppose 0 = 4*b - 2*r - 2740, 3*r + 1368 = 2*b + r. What are the prime factors of b?
2, 7
Suppose -8717 - 6331 = -24*g. List the prime factors of g.
3, 11, 19
Let k(j) be the first derivative of -5*j - 1/3*j**3 + 4*j**2 - 2. What are the prime factors of k(7)?
2
Let r be 1768/10 + (-1)/(-5). Suppose -3*c - 2*c = 15, 5*x - 4*c = r. What are the prime factors of x?
3, 11
Let q(z) = 77*z**2 - 2*z - 1. Let p be q(-1). Suppose 4*u - 202 = p. List the prime factors of u.
2, 5, 7
Let c be (-6 + 2)/(1/(123/3)). List the prime factors of 3/(-12) + c/(-16).
2, 5
Let v(l) = 39*l**2 + 23*l - 24. What are the prime factors of v(6)?
2, 3, 11, 23
Let l = -5053 - -8077. What are the prime factors of l?
2, 3, 7
Let t = 454 + -460. Let z(o) = 4*o**3 + 11*o - 4*o**2 - 5*o**3 + 14 - 4*o. List the prime factors of z(t).
2, 11
Let q(v) = 19*v**2 - 33*v + 36. List the prime factors of q(14).
2, 17, 97
Suppose b = 3*b - 12. Suppose b*x - 4*x = 98. List the prime factors of x.
7
Suppose 6*b - 4568 = 7408. List the prime factors of b.
2, 499
Let x(j) = -23*j + 2. Suppose 0 = n + 5 - 3. List the prime factors of x(n).
2, 3
Suppose 0 = 179*h - 181*h + 1892. List the prime factors of h.
2, 11, 43
Suppose l = 4*x + 2455, 2*l - x - 4955 = -2*x. List the prime factors of l.
3, 5, 11
Let r = -29 + 14. Let a = r - -19. Suppose -3*s + 66 = -a*j, j = 5*s - 4*j - 110. List the prime factors of s.
2, 11
Let z(r) = 4*r - 7. Let y be z(3). Let j(d) = 4*d**2 - 7*d + 3. Let f be j(y). Suppose -3*k - k = -f. List the prime factors of k.
17
Let j(w) = -42*w + 6. Let b be j(-5). Let x = b + -146. Suppose -5*l + x = 5*u, 4*u = -2*l - 3*l + 55. What are the prime factors of u?
3, 5
Suppose 0 = 3*u + 5*t + 117, 2*u + 25 = u + 3*t. Let x be (1/(-3))/((-7)/336). Let f = x - u. What are the prime factors of f?
2, 5
Let d = 1759 + -889. What are the prime factors of d?
2, 3, 5, 29
Let d = -21 - -17. Let b be 15/60 - (-1)/d. Suppose b = -2*j + 4*j - 70. What are the prime factors of j?
5, 7
Let k be 1626/78 - (-4)/26. Suppose -2*p + 28 = -q + 2, -2*p - q = -18. Let f = k - p. What are the prime factors of f?
2, 5
Let o(k) be the second derivative of k**5/20 - k**4/6 - 2*k**3/3 + k**2/2 + 18*k. List the prime factors of o(4).
17
Let t(p) = 21*p**2 + 37*p - 263. List the prime factors of t(11).
3, 5, 179
Suppose 5*k - n - 166 = 0, 2*n - 7*n = 5. Suppose -k + 135 = 6*h. List the prime factors of h.
17
Let w = -75 + 67. List the prime factors of w/8 + -1 + 155.
3, 17
Let v = -242 - -348. Suppose 2*x + 3*b - 15 = 0, -2*b + 5 = 3*x - 10. Suppose -d + x*d - v = 0. What are the prime factors of d?
53
Suppose -3*u - 3*w + 4 = -14, 29 = 5*u + 4*w. Suppose t - 4*y - 9 - 9 = 0, 0 = u*t + 3*y - 113. Suppose t*q = 17*q + 55. List the prime factors of q.
11
Suppose -140 = -4*r - 2*x, 3*r - r - 4*x = 70. Suppose -3*b + r = f + 7, 3*f = -b + 108. What are the prime factors of f?
37
Suppose 4*g - 2*g = 90. Suppose 13*a - g = 8*a. List the prime factors of a.
3
Let o = 43 - 22. Let k = 25 - o. List the prime factors of k.
2
Let d(a) = a**3 + 7*a**2 + 9*a + 10. Let z be d(-6). Let v = 8 - z. List the prime factors of v.
2
Suppose 3*j - 14 = -2*t + 7*t, 0 = 2*t - 10. Suppose 0 = j*d - 18*d + 685. What are the prime factors of d?
137
Let r = 246 + -435. List the prime factors of (1 + r/(-1))/(0 + 1).
2, 5, 19
Suppose -4*i = -3*i - 44. Suppose -i - 152 = -y - 4*u, -5*u + 609 = 3*y. List the prime factors of y.
2, 13
Let c = -28 + 28. Suppose 4*l - f - 298 = 0, c*l + 2*l - 140 = 5*f. List the prime factors of l.
3, 5
Let h(u) = -u**3 - 14*u**2 + u - 23. Let i(c) = -3*c**3 - 41*c**2 + 3*c - 68. Let t(l) = -17*h(l) + 6*i(l). What are the prime factors of t(-9)?
5, 11
Suppose 0*o - 2*q - 2278 = -4*o, o = -5*q + 575. Let g = o + -281. What are the prime factors of g?
17
Suppose 5*r + 1 = -2*j, 0 = -4*r - 0*r + 2*j - 8. Let a(x) = 39*x**3 - 2*x**2 - 2*x - 1. Let l be a(r). Let y = -19 - l. List the prime factors of y.
3, 7
Suppose -4*n + 6 = -2. Suppose -n*h + 269 = 3*u, 3*u - h = -2*h + 271. What are the prime factors of u?
7, 13
Let k(i) = -3*i + 11. Let f be k(2). Suppose 10 = f*n, d = -n + 17 + 21. List the prime factors of d.
2, 3
Let q(d) = -d**3 + 9*d**2 + 25*d + 100. List the prime factors of q(-6).
2, 5, 7
Let z(o) = 4*o + 3. Let f = 35 + -26. List the prime factors of z(f).
3, 13
Let o(c) = c**2 + 23*c + 76. Suppose 11*i + 5*i + 496 = 0. List the prime factors of o(i).
2, 3
What are the prime factors of -2 - 2234/(-10) - 84/(-140)?
2, 3, 37
Let c = -20 - -24. Suppose 0 = c*h - 368 + 16. List the prime factors of h.
2, 11
Suppose -2*t + 9 = t, -2*t = 4*b - 2. Let z(l) = -10*l + 3. What are the prime factors of z(b)?
13
Let l be ((0/(-4))/1)/(-2). Suppose 5*t - 215 + 75 = l. What are the prime factors of t?
2, 7
Let y(l) = 7*l**2 - l - 1. Let k = -4 - -1. Let f(a) = a**2 + 3*a + 2. Let t be f(k). List the prime factors of y(t).
5
Let a be (1 - -230)*((-8)/(-3))/4. Let m = a - 85. List the prime factors of m.
3, 23
Let k be -2 - -94*4/8. Suppose -34 = -a + k. What are the prime factors of a?
79
Suppose -2*w - o + 101 = -0*o, 0 = -4*w - 3*o + 207. Suppose -3 - 21 = -6*g. Suppose j + 0*k - 2*k - w = 0, 0 = -g*j + 3*k + 167. List the prime factors of j.
2, 19
What are the prime factors of (14 + -6 - -8401)/3?
2803
Suppose -11*f + 5*f = -42. List the prime factors of -3 + f - 80/(1 + -2).
2, 3, 7
Suppose 3*v - 422 = -170. Let o be (-224)/(-80) + 4/(-5). Suppose -2*k + v = 2*k + 5*t, o*k = -t + 42. List the prime factors of k.
3, 7
Let u(p) = p**3 - 7*p**2 + p. Let v be u(7). Suppose -8*a + v*a = -67. Suppose -63 = -5*i + a. List the prime factors of i.
2, 13
Let v = -2241 - -2707. What are the prime factors of v?
2, 233
Let d(o) = 4*o**2 + 1. Let k be d(-2). Suppose -26 = -c + k. What are the prime factors of c?
43
Suppose 0 =